*h + 7 + 5. Let o = -9 - i. Suppose o = 3*a + 2*w - 47, -a - 5*w = 2*a - 32. List the prime factors of a.
19
Let f(x) = 101*x - 18. List the prime factors of f(2).
2, 23
Let w(h) = h + 5. Let x be w(0). Let b = x + 0. Suppose -7*t + 3*t = -b*i - 21, 0 = 4*t - 2*i - 18. List the prime factors of t.
2
Suppose 39 = o - 12. List the prime factors of o.
3, 17
Let j = 0 - -17. What are the prime factors of j?
17
Suppose 3*k - 126 - 117 = 0. Suppose -15 - k = -4*u. List the prime factors of u.
2, 3
Let p(u) = -u**3 + 7*u**2 + 10*u - 11. Let f be p(8). Suppose -f*q - 5*k - 1 + 71 = 0, -4*k + 4 = 0. Let b = 25 - q. What are the prime factors of b?
2, 3
Suppose -r = s + 4*s - 87, 0 = -3*r + 2*s + 210. Suppose -246 = -3*g - r. What are the prime factors of g?
2, 29
Let i = -24 + -18. List the prime factors of (-828)/i - (-4)/14.
2, 5
Let t(k) = -k**2 + 11*k - 4. Suppose h = -5, 0 = 5*i - 4*h + h - 30. Suppose -i = -4*s + 33. What are the prime factors of t(s)?
2, 7
Suppose 0*u = -3*u + 3. Let y be 11*(u/1 + 2). Let n = y - 23. What are the prime factors of n?
2, 5
Let y = 17 - 11. Suppose 2*b = y*b - 16. List the prime factors of b.
2
What are the prime factors of (-1)/2*6/(-12)*12?
3
Let k be 2/10 + 28/10. Suppose k*j - 23 = 2*v, -4*j = -2*v + 9 - 37. Let u = v + 10. What are the prime factors of u?
2, 3
Let h be ((-2)/(-5))/(1/85). Let n = -17 + h. List the prime factors of n.
17
Let c be (-2 - -3)/((-1)/(-3)). Suppose -c*h + 28 = -5*p + 3*p, 4*h - 4*p = 44. Let a(g) = g**2 - 5*g + 1. List the prime factors of a(h).
7
Suppose -2*k + 0*k - g + 592 = 0, 4*k = g + 1172. List the prime factors of k.
2, 3, 7
Let m(v) = 2*v**2 + 4*v - 7. Let l be 10/(-1 + (-4 - -3)). List the prime factors of m(l).
23
Suppose n = 6*n + 4*v + 16, n = v + 4. Suppose n = 4*x - 92 - 60. What are the prime factors of x?
2, 19
Let s(b) = b**2 + 4*b. Let y be s(-3). What are the prime factors of 3 - (-11 + -2 - y)?
13
Suppose 33 = 5*p - 42. List the prime factors of p.
3, 5
Let n(r) = -r. Let w be -2 - -6 - (-2)/(-1). Let k be n(w). What are the prime factors of (-1 - (k + 2))*-6?
2, 3
Suppose -4*y - 4 = 2*v, -v + 4*v + 6 = 4*y. List the prime factors of 2 - (1 - (v - -37)).
2, 3
Let u(a) = 3*a**3 + a**2 - a. Suppose -2*j + 5 = 3*j. Let t be u(j). Suppose -t*o + 10 - 1 = 0. What are the prime factors of o?
3
Suppose -4*q - 2*c + 4 = -2, -q + 4*c + 15 = 0. List the prime factors of (18/(-7))/(q/(-14)).
2, 3
Suppose j - 3 = -1. List the prime factors of (j - 1 - -4) + -2.
3
Let w(c) = -3*c - 1. Let x be w(1). Let m be (x/(-6))/(6/81). Let i = 15 - m. What are the prime factors of i?
2, 3
Suppose -4*z - 8 = -28. Let d = 4 + -1. Suppose -z*u - 28 = -8, d*u + 10 = -s. List the prime factors of s.
2
Suppose -6 = -y - 3. Let w(l) = 11*l + 3. List the prime factors of w(y).
2, 3
Let v(c) = c**2 + 18. List the prime factors of v(0).
2, 3
Suppose -2*w = 4*t - 540 + 124, 2 = -w. List the prime factors of t.
3, 5, 7
Suppose 5*r + 67 - 12 = 0. Let q = 18 + r. List the prime factors of q.
7
Let q(x) = x + 1. Let d be (1 - 14/10)*-10. Let k be q(d). What are the prime factors of 53/k - (-9)/(-15)?
2, 5
Let x(n) = n**2 + 8*n + 9. Let h be x(-9). Let c be 8/6*27/h. What are the prime factors of -1 - (-9*c + 3)?
2, 7
Let v = 0 + 3. Suppose -1 = v*r - 16. What are the prime factors of r?
5
Let i(p) = p**3 + 4*p**2 - 4*p - 5. Let r be i(4). Let w = -69 + r. List the prime factors of w.
2, 19
Suppose -2*o + 50 = 5*n, -2*o + 26 = 3*n - 0*o. List the prime factors of n.
2, 3
Suppose 78 = 4*u - u. What are the prime factors of u?
2, 13
Let u(d) = -2*d**3 + d + 1. Let s = 1 - 3. List the prime factors of u(s).
3, 5
Let g = 369 - 212. What are the prime factors of g?
157
Let k = 9 + -4. Suppose -68 = -k*o + 32. What are the prime factors of o?
2, 5
Let l(m) = -2*m**2 + 2*m + 2. Let r be l(2). Let w(s) = -24*s. What are the prime factors of w(r)?
2, 3
Let i(f) be the first derivative of -f**6/360 - f**5/24 + f**4/6 + 4*f**3/3 + 4. Let l(w) be the third derivative of i(w). What are the prime factors of l(-3)?
2, 5
Let n = 92 + -45. List the prime factors of n.
47
Suppose 0 = -2*d + 5*h + 19, h = -d - 3*d - 17. What are the prime factors of 2 + (33 - (0 - d))?
2
What are the prime factors of 1/((2/10)/((-1802)/(-85)))?
2, 53
Let i be (-1 + -4)*8/(-10). Suppose -26 = -i*y + 2*y. What are the prime factors of y?
13
Let o be 3 - 3 - (0 + -5). Suppose -3*t + o = -1. Suppose -3*h + 10 = t*q - 27, -1 = q. List the prime factors of h.
13
Let q(r) = 4*r**3 + 2*r**2 - 1. List the prime factors of q(2).
3, 13
Suppose -3*l = 3, -3*w - 2*l = 2*l - 44. What are the prime factors of 5/(10/w) + 1?
3
Suppose 3*q - 5*s - 73 - 120 = 0, -q + 2*s + 63 = 0. List the prime factors of q.
71
Suppose 2*v = -2*v - 16. Let b(d) = d**3 + 5*d**2 + 4*d + 4. What are the prime factors of b(v)?
2
Suppose 0 = -k - 3*r + 166, 2*k - 4*r - 315 = 57. List the prime factors of k/14 + 8/28.
13
Let q be 2/(-11) - (-48)/22. Suppose 0*s - q*s - 12 = -3*i, 20 = 5*i. Suppose p + 2*p - 33 = s. List the prime factors of p.
11
Let d(s) = 15*s - 18. What are the prime factors of d(4)?
2, 3, 7
Let n = -36 + 52. Suppose 5*f - f = n. Suppose 0 = f*x + 5*t - 49, 2*x - 32 = -t - 3*t. List the prime factors of x.
2, 3
Suppose 5*i - 431 = -3*r + 779, -1618 = -4*r - 2*i. List the prime factors of r.
3, 5
Suppose 0 = m + 2*v - 6, -v - 3 = -4*m + 3. Suppose s - m*s = 14. Let q = -6 - s. List the prime factors of q.
2
Suppose -6*i = 2*m - 2*i + 32, m + 4*i + 22 = 0. Let x be 2/3*171/6. Let b = x + m. List the prime factors of b.
3
Let v = 148 + -15. What are the prime factors of v?
7, 19
Let a = 15 + -23. Let v be 16/10*(-20)/a. Suppose 0 = -5*y + 3*y + v. What are the prime factors of y?
2
Let p = -8 + 54. List the prime factors of p.
2, 23
Let k be (-80)/(-30) + (-1)/(-3). Suppose -41 = -k*o - 2*m - 0, 4*m = -8. List the prime factors of o.
3, 5
Suppose -161 = -v - 3*v + w, 0 = -3*w - 3. What are the prime factors of v?
2, 5
Let h be 10*(3 + (-14)/4). What are the prime factors of (-71)/h + 1/(-5)?
2, 7
Suppose 0 = 3*j - 5*d - 325, 5*j + 5*d = -0*j + 515. Suppose -7*g + j = -2*g. List the prime factors of g.
3, 7
Let k(f) = 4*f**2 + 3*f - 2. Suppose 2*r + 2 = 2*a, -5*r + 20 = 4*a - r. Let m be k(a). Suppose 3*v - m = -4. List the prime factors of v.
13
Suppose -114 = -4*y + 2*y. What are the prime factors of y?
3, 19
Suppose -h = 2, 2*g = 3*h - 0 + 22. Suppose -g = -m - 4. Suppose -4 = -m*c + 36. What are the prime factors of c?
2, 5
Let u = -10 - -27. What are the prime factors of u?
17
Let f = -12 - -6. Let w = 21 - f. What are the prime factors of w?
3
Let r(p) = p**2 - 6*p + 9. Suppose 4*d - 31 + 7 = 0. List the prime factors of r(d).
3
Let u(b) be the first derivative of b**3/3 - 5*b**2/2 - 9*b + 4. What are the prime factors of u(8)?
3, 5
Let l = 1 - 0. Let m(q) = -3 + l - 2 - q. List the prime factors of m(-8).
2
Suppose -5*z = 3*q - 15 - 23, 4*q + 16 = 0. Let s(d) = -d - 10. Let g be s(-13). List the prime factors of z/g*36/8.
3, 5
Suppose f + 4 = 3*f. Let u be (-1 + 1)*(-1)/f. Suppose u = -3*v + 4*k + 26, -2*v + 10 = k - 0*k. What are the prime factors of v?
2, 3
List the prime factors of 42/4*(-28)/(-21).
2, 7
Suppose -2*m = -m - 5. Suppose -58 = -3*v + m*r, r - 64 = -2*v - 2*r. What are the prime factors of v?
2, 13
Let u(t) = -t - 6. Let i(l) = -l + 1. Let j(f) = -2*i(f) - u(f). What are the prime factors of j(8)?
2, 7
Suppose 31*a + 100 = 36*a. List the prime factors of a.
2, 5
Let a(l) = 3 - 2*l**2 - 6*l**2 + 0*l**3 + l**3. List the prime factors of a(8).
3
Suppose 4*a - 6*a = -186. What are the prime factors of a?
3, 31
Let o be (-10)/(4/(-2)) + 0. Suppose 0 = n - o - 10. Suppose 5*m - n = 15. What are the prime factors of m?
2, 3
Let l = 20 - -68. List the prime factors of l.
2, 11
Let o(s) = s**3 + 2*s + 2. Let g be o(-2). Let d(c) = c**2 + 12*c + 14. Let h be d(g). What are the prime factors of ((-8)/6)/(h/36)?
2
Suppose 0 = 3*r - r - 2*w - 20, -3*w - 20 = -r. Suppose -3*m - 5*g + 59 = 0, -r*g - 31 = -3*m + m. List the prime factors of m.
2, 3
Let o = 40 - -43. What are the prime factors of o?
83
Let f be 2/6 + 116/12. Suppose f*d = 5*d - 5. Let l = d + 4. List the prime factors of l.
3
Let a = -16 - -12. What are the prime factors of (1/(-1))